 5?
238
In base 7, what is -255 - 42?
-330
In base 2, what is 11 - 10?
1
In base 2, what is -111101 + -100101101?
-101101010
In base 5, what is -2 + -141001?
-141003
In base 4, what is 3311 + 0?
3311
In base 5, what is -1114 - 100?
-1214
In base 13, what is 3 - -21?
24
In base 10, what is -14 + -205?
-219
In base 8, what is -106 - -10?
-76
In base 10, what is -4 + 78?
74
In base 13, what is -18 + 7?
-11
In base 15, what is -75d - 0?
-75d
In base 8, what is -1 - -10211?
10210
In base 8, what is -11 - 41?
-52
In base 7, what is -32 + -20?
-52
In base 15, what is -1 + 270?
26e
In base 3, what is 110201 - -1?
110202
In base 5, what is -4 - -1004?
1000
In base 10, what is 29 + -7?
22
In base 16, what is 6 - -58c?
592
In base 12, what is 52 - -1?
53
In base 5, what is 12 - -2?
14
In base 11, what is -5309 - -3?
-5306
In base 8, what is -511 + 0?
-511
In base 8, what is 1 + -10?
-7
In base 8, what is 3 - -762?
765
In base 3, what is -1 + -1112020?
-1112021
In base 9, what is 102 - 103?
-1
In base 10, what is -30 - -16?
-14
In base 4, what is 0 + 210321?
210321
In base 13, what is 3b0 + 9?
3b9
In base 11, what is -8 + -aa3?
-1000
In base 10, what is 4 - -73?
77
In base 12, what is -1407 - -9?
-13ba
In base 14, what is 1a2 - 19?
187
In base 16, what is 191 + -1?
190
In base 2, what is 11 + 10000010111101?
10000011000000
In base 8, what is 3 - 447?
-444
In base 11, what is 1411 + -2?
140a
In base 10, what is 63 + 60?
123
In base 15, what is -6 + -b3?
-b9
In base 16, what is 2 + 100?
102
In base 4, what is -101 + 32?
-3
In base 15, what is 606e - 4?
606a
In base 6, what is 52354 + 5?
52403
In base 13, what is 5 - 123?
-11b
In base 15, what is -1 + 18d4?
18d3
In base 9, what is -774 + -2?
-776
In base 11, what is 18 - -12?
2a
In base 4, what is -1 + 321011?
321010
In base 6, what is 311 + -2?
305
In base 15, what is 3 - 7b?
-78
In base 9, what is -3 - 65?
-68
In base 14, what is -5b + 6?
-55
In base 16, what is f1 + 4?
f5
In base 9, what is 27 + 25?
53
In base 12, what is 148 - 0?
148
In base 15, what is -4 + 2ad?
2a9
In base 4, what is 30223 - 3?
30220
In base 10, what is 6569 - -2?
6571
In base 6, what is 134 + 11?
145
In base 11, what is 3 - -281?
284
In base 3, what is -1002002 - -111?
-1001121
In base 8, what is 614 + 4?
620
In base 3, what is -20 + 1120?
1100
In base 4, what is 3112011 + -3?
3112002
In base 7, what is -145 - 3?
-151
In base 3, what is 101112 - 2?
101110
In base 8, what is -2661 + 1?
-2660
In base 5, what is 20013 - 0?
20013
In base 3, what is -111210 + 11?
-111122
In base 11, what is -323 + 4?
-31a
In base 13, what is 0 - 1b?
-1b
In base 2, what is -11011 - -101?
-10110
In base 10, what is -316 - 2?
-318
In base 7, what is -6 - 106?
-115
In base 9, what is 1035 + -6?
1028
In base 7, what is -1 - 1003?
-1004
In base 3, what is -1222 + 0?
-1222
In base 14, what is -5b - -6c?
11
In base 9, what is -2 - 12038?
-12041
In base 14, what is c - 13?
-5
In base 12, what is 112b - 1?
112a
In base 16, what is 2 + -2e?
-2c
In base 3, what is -2 - 1221?
-2000
In base 15, what is -5 + 60e?
609
In base 7, what is 6 - 2544?
-2535
In base 15, what is 596b + 0?
596b
In base 10, what is 309 + 1?
310
In base 15, what is -18 + 3?
-15
In base 7, what is 36 - -1?
40
In base 5, what is 33331 - -1?
33332
In base 8, what is 2 + 553?
555
In base 2, what is 11011 + -1011?
10000
In base 5, what is 0 + 1002?
1002
In base 15, what is -10 - -69?
59
In base 7, what is 136 - -102?
241
In base 13, what is 0 + -cc0?
-cc0
In base 16, what is -3 - -24?
21
In base 10, what is 61 - -74?
135
In base 16, what is 4 + -9c?
-98
In base 2, what is -10110001010 + -100?
-10110001110
In base 13, what is a79 - a?
a6c
In base 6, what is -312 - 1?
-313
In base 16, what is -3 - 6c?
-6f
In base 12, what is -3 - -805?
802
In base 15, what is -2 - -18?
16
In base 4, what is -11 - -2301?
2230
In base 15, what is 123 - 1?
122
In base 8, what is 0 - 447?
-447
In base 2, what is 101010101 + 110?
101011011
In base 9, what is 140 + 7?
147
In base 7, what is -14 - 32?
-46
In base 13, what is 30 + -178?
-148
In base 9, what is -110 - -4?
-105
In base 6, what is -12404 - -5?
-12355
In base 13, what is 861 + -3?
85b
In base 4, what is -11 - 303?
-320
In base 8, what is 1 + -161?
-160
In base 10, what is 52 + 3?
55
In base 13, what is 1 + 3c?
40
In base 9, what is -114 - 4?
-118
In base 8, what is -47770 + 3?
-47765
In base 6, what is -305 - -30?
-235
In base 8, what is 2 + -24?
-22
In base 13, what is 5 + 90?
95
In base 4, what is -331 + 1?
-330
In base 8, what is 2561 + 0?
2561
In base 11, what is 2 + 104?
106
In base 6, what is 4210 - 1?
4205
In base 13, what is 21 - -3?
24
In base 4, what is 11333 + 31?
12030
In base 8, what is 5 + 21?
26
In base 6, what is -1 - -5013?
5012
In base 3, what is 1010210 - -2?
1010212
In base 11, what is 2a6 - 5?
2a1
In base 15, what is -b - -aa?
9e
In base 3, what is -110 - -211?
101
In base 7, what is 125 - -4?
132
In base 7, what is -5 - 562?
-600
In base 4, what is 12033 + 30?
12123
In base 6, what is 553 + 1?
554
In base 11, what is 20 + -35?
-15
In base 15, what is 28 + -4?
24
In base 10, what is 2 - 298?
-296
In base 5, what is -1414 - 1?
-1420
In base 8, what is -11421 + 5?
-11414
In base 11, what is -3 - 57?
-5a
In base 6, what is -1214 - -5?
-1205
In base 7, what is 11 + -55?
-44
In base 3, what is -2000001 + -11?
-2000012
In base 11, what is 5 + 16?
20
In base 4, what is -11 - -101102?
101031
In base 12, what is -54 - 0?
-54
In base 3, what is 20 - -202120?
202210
In base 6, what is 5122 - 4?
5114
In base 8, what is -15 + -1177?
-1214
In base 13, what is -2 - 467?
-469
In base 11, what is 23 + -104?
-91
In base 2, what is -1 - 10110110010?
-10110110011
In base 7, what is 133 - -4?
140
In base 2, what is 100 + -1110011?
-1101111
In base 14, what is -4 + -86?
-8a
In base 13, what is -15 - -26?
11
In base 16, what is 92 + 3?
95
In base 12, what is 2 + 59?
5b
In base 8, what is 262 - 1?
261
In base 3, what is -10 + 1111?
1101
In base 9, what is -4705 + 4?
-4701
In base 16, what is 22 + 13?
35
In base 9, what is -848 + 3?
-845
In base 3, what is 102 + 2?
111
In base 9, what is 1 - 3721?
-3720
In base 10, what is 52 + 1?
53
In base 14, what is -cc - 2?
-d0
In base 15, what is 4 - -4eb?
500
In base 10, what is -976 + -11?
-987
In base 10, what is 10 + -266?
-256
In base 16, what is 1 + 161a?
161b
In base 9, what is 747 - 4?
743
In base 5, what is 214 - 1?
213
In base 14, what is -8905 + -3?
-8908
In base 5, what is -1223442 - 0?
-1223442
In base 5, what is -11212 - -1?
-11211
In base 3, what is 1100 - -1022?
2122
In base 9, what is 611 + -12?
588
In base 12, what is 5 + 15?
1a
In base 11, what is 157 + -1?
156
In base 4, what is 11032223 + 0?
11032223
In base 3, what is 11 + -2210?
-2122
In base 5, what is 313 - -10?
323
In base 9, what is -2755 + -1?
-2756
In base 13, what is 0 - -7aa?
7aa
In base 5, what is 3 - 4320?
-4312
In base 16, what is 32 - -d7?
109
In base 15, what is -943 + 1?
-942
In base 6, what is -205 + -5?
-214
In base 10, what is -747 - 4?
-751
In base 15, what is -7 + 51?
49
In base 12, what is 6 + -18a?
-184
In base 5, what is -4323 - 2?
-4330
In base 7, what is -2 + -13?
-15
In base 10, what is -67 + 24?
-43
In base 9, what is -42 + 8?
-33
In base 13, what is -5 + b4a?
b45
In base 6, what is 200 + 151?
351
In base 2, what is -10011 - 101001?
-111100
In base 2, what is -1001111010000 - -101?
-1001111001011
In base 11, what is -77a - 1?
-780
In base 7, what is -115 + -4?
-122
In base 4, what is -12213 - 123?
-13002
In base 7, what is 2 + -41?
-36
In base 8, what is -47 - 3?
-52
In base 15, what is -5 - 7e?
-84
In base 5, what is 0 + -3023?
-3023
In base 11, what is 80 - 6?
75
In base 3, what is -201112 + -21?
-201210
In base 13, what is -49 + -16?
-62
In base 10, what is 5 - 96?
-91
In base 3, what is -11 - 1101102?
-1101120
In base 7, what is 4 + -2633?
-2626
In base 9, what is -12 - -414?
402
In base 15, what is 9 - -65?
6e
In base 9, what is -101 + -105?
-206
In base 3, what is -11120 - 212?
-12102
In base 12, what is -6 - -8?
2
In base 16, what is 3 - 352?
-34f
In base 8, what is 156 - 0?
156
In base 15, what is -4 + -5e7?
-5eb
In base 12, what is -39 - -3?
-36
In base 4, what is 2122 + -11?
2111
In base 10, what is -1137 + 3?
-1134
In